it of 8924982?
4
What is the millions digit of 33277619?
3
What is the ten thousands digit of 1472191?
7
What is the hundreds digit of 3490133?
1
What is the hundreds digit of 6758245?
2
What is the units digit of 78815?
5
What is the thousands digit of 118679?
8
What is the millions digit of 1380483?
1
What is the units digit of 276870?
0
What is the thousands digit of 6891362?
1
What is the hundred thousands digit of 2085133?
0
What is the hundreds digit of 18193?
1
What is the units digit of 1267613?
3
What is the hundreds digit of 271640?
6
What is the millions digit of 4525682?
4
What is the units digit of 46507?
7
What is the units digit of 563025?
5
What is the hundreds digit of 160803?
8
What is the hundred thousands digit of 1177338?
1
What is the ten thousands digit of 1687141?
8
What is the millions digit of 9581469?
9
What is the millions digit of 1385001?
1
What is the units digit of 867457?
7
What is the hundred thousands digit of 3032169?
0
What is the millions digit of 7601261?
7
What is the hundreds digit of 1199527?
5
What is the tens digit of 179719?
1
What is the hundred thousands digit of 475023?
4
What is the units digit of 5875363?
3
What is the tens digit of 88984?
8
What is the units digit of 2675866?
6
What is the units digit of 170999?
9
What is the hundreds digit of 15925435?
4
What is the tens digit of 358041?
4
What is the thousands digit of 4564023?
4
What is the tens digit of 7000?
0
What is the hundreds digit of 2269719?
7
What is the tens digit of 805733?
3
What is the hundred thousands digit of 113730?
1
What is the ten thousands digit of 98289?
9
What is the units digit of 16674890?
0
What is the tens digit of 1679142?
4
What is the tens digit of 176074?
7
What is the units digit of 90624?
4
What is the thousands digit of 1674169?
4
What is the thousands digit of 77041?
7
What is the thousands digit of 269216?
9
What is the thousands digit of 2625703?
5
What is the hundreds digit of 1648776?
7
What is the tens digit of 2540369?
6
What is the hundreds digit of 344363?
3
What is the hundred thousands digit of 7178955?
1
What is the ten thousands digit of 44159?
4
What is the hundreds digit of 8401932?
9
What is the thousands digit of 12446967?
6
What is the hundred thousands digit of 16386727?
3
What is the hundreds digit of 5574210?
2
What is the tens digit of 99161?
6
What is the hundred thousands digit of 188016?
1
What is the tens digit of 4404?
0
What is the thousands digit of 73872?
3
What is the hundred thousands digit of 3305739?
3
What is the hundred thousands digit of 3714149?
7
What is the hundred thousands digit of 12395340?
3
What is the tens digit of 415541?
4
What is the thousands digit of 1115521?
5
What is the hundreds digit of 537165?
1
What is the thousands digit of 13258839?
8
What is the hundreds digit of 23540?
5
What is the millions digit of 4100298?
4
What is the millions digit of 1447663?
1
What is the thousands digit of 22691354?
1
What is the hundreds digit of 5454583?
5
What is the units digit of 116700?
0
What is the units digit of 36007353?
3
What is the ten thousands digit of 12954664?
5
What is the thousands digit of 461202?
1
What is the tens digit of 239135?
3
What is the units digit of 651043?
3
What is the hundreds digit of 3255520?
5
What is the hundred thousands digit of 310752?
3
What is the tens digit of 5370897?
9
What is the hundreds digit of 165440?
4
What is the tens digit of 2753715?
1
What is the thousands digit of 39648423?
8
What is the ten millions digit of 14679354?
1
What is the ten thousands digit of 27461911?
6
What is the thousands digit of 22479338?
9
What is the thousands digit of 2659448?
9
What is the tens digit of 11919003?
0
What is the thousands digit of 5062221?
2
What is the hundred thousands digit of 478396?
4
What is the units digit of 128690?
0
What is the thousands digit of 8581?
8
What is the units digit of 2240030?
0
What is the ten thousands digit of 2454918?
5
What is the ten thousands digit of 415317?
1
What is the millions digit of 7583633?
7
What is the hundreds digit of 167024?
0
What is the ten thousands digit of 17082048?
8
What is the thousands digit of 4507886?
7
What is the thousands digit of 7005?
7
What is the hundred thousands digit of 386418?
3
What is the hundred thousands digit of 171805?
1
What is the millions digit of 2853846?
2
What is the thousands digit of 1262430?
2
What is the millions digit of 5499823?
5
What is the hundreds digit of 40384933?
9
What is the hundred thousands digit of 261707?
2
What is the hundreds digit of 42701?
7
What is the tens digit of 12166447?
4
What is the ten thousands digit of 1807725?
0
What is the hundred thousands digit of 236331?
2
What is the units digit of 7221702?
2
What is the hundred thousands digit of 196558?
1
What is the units digit of 844251?
1
What is the hundreds digit of 267348?
3
What is the tens digit of 4926227?
2
What is the tens digit of 143678?
7
What is the ten thousands digit of 257504?
5
What is the thousands digit of 664716?
4
What is the hundred thousands digit of 1592588?
5
What is the hundred thousands digit of 297034?
2
What is the hundred thousands digit of 436321?
4
What is the tens digit of 1514109?
0
What is the hundred thousands digit of 243122?
2
What is the units digit of 663027?
7
What is the hundreds digit of 1615910?
9
What is the units digit of 6434?
4
What is the thousands digit of 264534?
4
What is the ten millions digit of 17800705?
1
What is the thousands digit of 248427?
8
What is the thousands digit of 4461375?
1
What is the units digit of 407011?
1
What is the millions digit of 1803066?
1
What is the hundred thousands digit of 184529?
1
What is the thousands digit of 10990827?
0
What is the units digit of 13147405?
5
What is the thousands digit of 19875?
9
What is the ten thousands digit of 520424?
2
What is the units digit of 2485577?
7
What is the tens digit of 1282829?
2
What is the units digit of 245470?
0
What is the millions digit of 1026086?
1
What is the thousands digit of 124745?
4
What is the hundreds digit of 546531?
5
What is the ten thousands digit of 6238791?
3
What is the units digit of 2702789?
9
What is the ten millions digit of 32514911?
3
What is the millions digit of 24860110?
4
What is the hundreds digit of 33113844?
8
What is the tens digit of 6259965?
6
What is the units digit of 747055?
5
What is the hundreds digit of 479374?
3
What is the hundreds digit of 239320?
3
What is the hundreds digit of 2780256?
2
What is the millions digit of 5819073?
5
What is the ten thousands digit of 568862?
6
What is the hundred thousands digit of 134320?
1
What is the tens digit of 1099760?
6
What is the units digit of 1905240?
0
What is the units digit of 20171431?
1
What is the hundreds digit of 140881?
8
What is the hundred thousands digit of 13440020?
4
What is the ten thousands digit of 76264?
7
What is the tens digit of 3377250?
5
What is the ten thousands digit of 362079?
6
What is the tens digit of 254690?
9
What is the ten thousands digit of 32783673?
8
What is the hundreds digit of 9949557?
5
What is the units digit of 461009?
9
What is the hundred thousands digit of 2311500?
3
What is the units digit of 10128058?
8
What is the units digit of 146910?
0
What is the tens digit of 192738?
3
What is the hundred thousands digit of 157429?
1
What is the ten thousands digit of 699329?
9
What is the units digit of 97159?
9
What is the ten millions digit of 12209150?
1
What is the thousands digit of 2257412?
7
What is the units digit of 2822823?
3
What is the tens digit of 10319314?
1
What is the tens digit of 140784?
8
What is the units digit of 159969?
9
What is the thousands digit of 396265?
6
What is the units digit of 734351?
1
What is the hundred thousands digit of 3979475?
9
What is the thousands digit of 427236?
7
What is the hundreds digit of 720293?
2
What is the units digit of 83468?
8
What is the units digit of 10195125?
5
What is the thousands digit of 528432?
8
What is the thousands digit of 5979739?
9
What is the hundreds digit of 737246?
2
What is the ten thousands digit of 356315?
5
What is the units digit of 8248173?
3
What is the units digit of 10024755?
5
What is the units digit of 1922969?
9
What is the thousan